e factors of 50981.
7, 7283
List the prime factors of 744281.
97, 7673
List the prime factors of 12581460.
2, 3, 5, 23, 1013
List the prime factors of 577966.
2, 17, 89, 191
List the prime factors of 253454.
2, 353, 359
What are the prime factors of 92744?
2, 11593
List the prime factors of 21971698.
2, 7, 224201
List the prime factors of 311333.
11, 31, 83
List the prime factors of 112876.
2, 28219
What are the prime factors of 344872?
2, 11, 3919
List the prime factors of 303677.
11, 19, 1453
List the prime factors of 2404433.
947, 2539
List the prime factors of 6979897.
19, 113, 3251
List the prime factors of 1808738.
2, 904369
List the prime factors of 994239.
3, 61, 1811
What are the prime factors of 2684414?
2, 29, 31, 1493
List the prime factors of 2546145.
3, 5, 7, 59, 137
List the prime factors of 412647.
3, 263, 523
What are the prime factors of 78286?
2, 13, 3011
What are the prime factors of 126695?
5, 25339
What are the prime factors of 3689912?
2, 461239
What are the prime factors of 1312419?
3, 437473
What are the prime factors of 11393180?
2, 5, 569659
What are the prime factors of 446023?
193, 2311
List the prime factors of 1819475.
5, 7, 37, 281
List the prime factors of 217183.
97, 2239
What are the prime factors of 161935?
5, 139, 233
List the prime factors of 24249582.
2, 3, 7, 17, 11321
List the prime factors of 331397.
11, 47, 641
What are the prime factors of 320694?
2, 3, 11, 43, 113
What are the prime factors of 596447?
149, 4003
List the prime factors of 6013201.
571, 10531
What are the prime factors of 1712455?
5, 101, 3391
What are the prime factors of 4615220?
2, 5, 230761
List the prime factors of 226826.
2, 23, 4931
What are the prime factors of 278325?
3, 5, 1237
List the prime factors of 2583592.
2, 11, 17, 157
What are the prime factors of 937137?
3, 19, 41, 401
What are the prime factors of 4993262?
2, 107, 23333
What are the prime factors of 2242665?
3, 5, 19, 43, 61
What are the prime factors of 618273?
3, 17, 449
What are the prime factors of 914005?
5, 17, 10753
What are the prime factors of 10013189?
557, 17977
List the prime factors of 668022.
2, 3, 111337
List the prime factors of 2789868.
2, 3, 137, 1697
What are the prime factors of 468049?
468049
List the prime factors of 44245.
5, 8849
What are the prime factors of 310413?
3, 103471
List the prime factors of 7461694.
2, 3730847
List the prime factors of 1206509.
563, 2143
List the prime factors of 646282.
2, 7, 13, 53, 67
What are the prime factors of 5653898?
2, 29, 43, 2267
What are the prime factors of 291224?
2, 59, 617
What are the prime factors of 1428378?
2, 3, 7, 71, 479
What are the prime factors of 1945947?
3, 648649
What are the prime factors of 246725?
5, 71, 139
What are the prime factors of 10888530?
2, 3, 5, 362951
List the prime factors of 1883722.
2, 941861
What are the prime factors of 1580394?
2, 3, 263399
List the prime factors of 333401.
101, 3301
What are the prime factors of 2401101?
3, 431, 619
List the prime factors of 1262165.
5, 17, 31, 479
What are the prime factors of 744987?
3, 167, 1487
What are the prime factors of 128779?
7, 18397
What are the prime factors of 5824299?
3, 13, 149341
What are the prime factors of 400224?
2, 3, 11, 379
List the prime factors of 3534291.
3, 392699
What are the prime factors of 18939?
3, 59, 107
List the prime factors of 2328635.
5, 23, 20249
What are the prime factors of 158926?
2, 229, 347
What are the prime factors of 5768248?
2, 19, 137, 277
What are the prime factors of 1825734?
2, 3, 97, 3137
What are the prime factors of 8581881?
3, 7, 11, 97, 383
What are the prime factors of 5033560?
2, 5, 7, 17977
What are the prime factors of 17883730?
2, 5, 1788373
What are the prime factors of 54831?
3, 7, 373
What are the prime factors of 3296?
2, 103
List the prime factors of 5193710.
2, 5, 519371
List the prime factors of 2265586.
2, 1132793
What are the prime factors of 1442530?
2, 5, 144253
List the prime factors of 5325955.
5, 31, 34361
List the prime factors of 1813207.
11, 164837
List the prime factors of 6111862.
2, 3055931
List the prime factors of 489104.
2, 7, 11, 397
What are the prime factors of 461709?
3, 29, 61
What are the prime factors of 3781724?
2, 945431
List the prime factors of 678075.
3, 5, 9041
What are the prime factors of 465267?
3, 11, 23, 613
What are the prime factors of 13126179?
3, 11, 397763
What are the prime factors of 1792596?
2, 3, 13, 11491
List the prime factors of 497782.
2, 248891
What are the prime factors of 2945309?
2945309
List the prime factors of 2250025.
5, 90001
List the prime factors of 1110931.
1110931
What are the prime factors of 168380?
2, 5, 8419
List the prime factors of 291440.
2, 5, 3643
What are the prime factors of 3976486?
2, 1988243
What are the prime factors of 1428510?
2, 3, 5, 17, 2801
List the prime factors of 14296256.
2, 13, 17183
What are the prime factors of 6992917?
6992917
List the prime factors of 274507.
277, 991
What are the prime factors of 8440374?
2, 3, 107, 13147
List the prime factors of 805224.
2, 3, 7, 4793
What are the prime factors of 966863?
966863
List the prime factors of 127412.
2, 53, 601
What are the prime factors of 5001838?
2, 2500919
List the prime factors of 216739.
193, 1123
List the prime factors of 1889569.
11, 19, 9041
List the prime factors of 1394532.
2, 3, 38737
What are the prime factors of 36366?
2, 3, 11, 19, 29
List the prime factors of 3325116.
2, 3, 37, 7489
What are the prime factors of 5425265?
5, 1085053
What are the prime factors of 633364?
2, 158341
What are the prime factors of 151859?
181, 839
What are the prime factors of 228607?
29, 7883
What are the prime factors of 207114?
2, 3, 34519
What are the prime factors of 90015?
3, 5, 17, 353
List the prime factors of 2514018.
2, 3, 13, 167, 193
List the prime factors of 1889822.
2, 11, 17, 31, 163
List the prime factors of 12922827.
3, 157, 27437
What are the prime factors of 5385216?
2, 3, 1753
List the prime factors of 27241408.
2, 499, 853
What are the prime factors of 3093849?
3, 11, 947
List the prime factors of 1677865.
5, 7, 47939
What are the prime factors of 19785092?
2, 101, 48973
List the prime factors of 463687.
7, 9463
What are the prime factors of 7206132?
2, 3, 463, 1297
What are the prime factors of 12589082?
2, 11, 52021
List the prime factors of 317651.
317651
List the prime factors of 177671.
13, 79, 173
What are the prime factors of 6547374?
2, 3, 61, 67, 89
List the prime factors of 147148.
2, 36787
List the prime factors of 189587.
43, 4409
What are the prime factors of 484162?
2, 7, 34583
What are the prime factors of 691809?
3, 19, 53, 229
List the prime factors of 1204397.
1204397
List the prime factors of 1291850.
2, 5, 7, 3691
List the prime factors of 1062944.
2, 59, 563
List the prime factors of 282516.
2, 3, 13, 1811
List the prime factors of 1710051.
3, 7, 11633
What are the prime factors of 1888488?
2, 3, 7, 1249
What are the prime factors of 6584312?
2, 7, 117577
List the prime factors of 363337.
13, 19, 1471
What are the prime factors of 467043?
3, 151, 1031
List the prime factors of 12165270.
2, 3, 5, 13, 31193
List the prime factors of 2306480.
2, 5, 11, 2621
What are the prime factors of 158243?
158243
What are the prime factors of 681822?
2, 3, 37879
What are the prime factors of 113793?
3, 83, 457
List the prime factors of 268556.
2, 67139
What are the prime factors of 263591?
263591
What are the prime factors of 857511?
3, 95279
What are the prime factors of 322235?
5, 17, 223
List the prime factors of 417510.
2, 3, 5, 4639
What are the prime factors of 736192?
2, 11503
List the prime factors of 26797945.
5, 5359589
List the prime factors of 184146.
2, 3, 47, 653
What are the prime factors of 447670?
2, 5, 89, 503
What are the prime factors of 11369540?
2, 5, 7, 13, 6247
What are the prime factors of 9233791?
7, 19, 69427
What are the prime factors of 163095?
3, 5, 83, 131
What are the prime factors of 309092?
2, 7, 19, 83
What are the prime factors of 13682480?
2, 5, 7, 53, 461
List the prime factors of 913195.
5, 182639
List the prime factors of 1927515.
3, 5, 23, 37, 151
List the prime factors of 17968857.
3, 5989619
What are the prime factors of 5972300?
2, 5, 59723
List the prime f